{"version":"1.0","provider_name":"Pol\u00edtica Social - Ajuntament de Vinar\u00f2s","provider_url":"https:\/\/politicasocial.vinaros.es\/es\/","title":"Celebraci\u00f3n del 3er JoveFest Vinar\u00f2s 2022 - Pol\u00edtica Social - Ajuntament de Vinar\u00f2s","type":"rich","width":600,"height":338,"html":"<blockquote class=\"wp-embedded-content\" data-secret=\"53RtOXr4mj\"><a href=\"https:\/\/politicasocial.vinaros.es\/es\/celebracion-del-3er-jovefest-vinaros-2022\/\">Celebraci\u00f3n del 3er JoveFest Vinar\u00f2s 2022<\/a><\/blockquote><iframe sandbox=\"allow-scripts\" security=\"restricted\" src=\"https:\/\/politicasocial.vinaros.es\/es\/celebracion-del-3er-jovefest-vinaros-2022\/embed\/#?secret=53RtOXr4mj\" width=\"600\" height=\"338\" title=\"\u00abCelebraci\u00f3n del 3er JoveFest Vinar\u00f2s 2022\u00bb \u2014 Pol\u00edtica Social - Ajuntament de Vinar\u00f2s\" data-secret=\"53RtOXr4mj\" frameborder=\"0\" marginwidth=\"0\" marginheight=\"0\" scrolling=\"no\" class=\"wp-embedded-content\"><\/iframe><script type=\"text\/javascript\">\n\/* <![CDATA[ *\/\n\/*! This file is auto-generated *\/\n!function(d,l){\"use strict\";l.querySelector&&d.addEventListener&&\"undefined\"!=typeof URL&&(d.wp=d.wp||{},d.wp.receiveEmbedMessage||(d.wp.receiveEmbedMessage=function(e){var t=e.data;if((t||t.secret||t.message||t.value)&&!\/[^a-zA-Z0-9]\/.test(t.secret)){for(var s,r,n,a=l.querySelectorAll('iframe[data-secret=\"'+t.secret+'\"]'),o=l.querySelectorAll('blockquote[data-secret=\"'+t.secret+'\"]'),c=new RegExp(\"^https?:$\",\"i\"),i=0;i<o.length;i++)o[i].style.display=\"none\";for(i=0;i<a.length;i++)s=a[i],e.source===s.contentWindow&&(s.removeAttribute(\"style\"),\"height\"===t.message?(1e3<(r=parseInt(t.value,10))?r=1e3:~~r<200&&(r=200),s.height=r):\"link\"===t.message&&(r=new URL(s.getAttribute(\"src\")),n=new URL(t.value),c.test(n.protocol))&&n.host===r.host&&l.activeElement===s&&(d.top.location.href=t.value))}},d.addEventListener(\"message\",d.wp.receiveEmbedMessage,!1),l.addEventListener(\"DOMContentLoaded\",function(){for(var e,t,s=l.querySelectorAll(\"iframe.wp-embedded-content\"),r=0;r<s.length;r++)(t=(e=s[r]).getAttribute(\"data-secret\"))||(t=Math.random().toString(36).substring(2,12),e.src+=\"#?secret=\"+t,e.setAttribute(\"data-secret\",t)),e.contentWindow.postMessage({message:\"ready\",secret:t},\"*\")},!1)))}(window,document);\n\/\/# sourceURL=https:\/\/politicasocial.vinaros.es\/wp-includes\/js\/wp-embed.min.js\n\/* ]]> *\/\n<\/script>\n","thumbnail_url":"https:\/\/politicasocial.vinaros.es\/wp-content\/uploads\/2022\/11\/serveis-socials-vinaros-celebracio-3er-jovefest-vinaros-2022.png","thumbnail_width":339,"thumbnail_height":480,"description":"El objetivo es fomentar un ocio saludable para la juventud como medida para evitar conductas y consumos no deseables. El 08 de octubre se celebrar\u00e1 el III JoveFest con el lema \u00abSin drogas tambi\u00e9n hay fiesta\u00bb, con el objetivo de ofrecer desde el Ajuntament una oferta de entretenimiento de calidad para los j\u00f3venes dentro de [&hellip;]"}

Política Social - Ajuntament de Vinaròs

Celebración del 3er JoveFest Vinaròs 2022 - Política Social - Ajuntament de Vinaròs

<blockquote class="wp-embedded-content" data-secret="53RtOXr4mj"><a href="https://politicasocial.vinaros.es/es/celebracion-del-3er-jovefest-vinaros-2022/">Celebración del 3er JoveFest Vinaròs 2022</a></blockquote><iframe sandbox="allow-scripts" security="restricted" src="https://politicasocial.vinaros.es/es/celebracion-del-3er-jovefest-vinaros-2022/embed/#?secret=53RtOXr4mj" width="600" height="338" title="«Celebración del 3er JoveFest Vinaròs 2022» — Política Social - Ajuntament de Vinaròs" data-secret="53RtOXr4mj" frameborder="0" marginwidth="0" marginheight="0" scrolling="no" class="wp-embedded-content"></iframe><script type="text/javascript">
/* <![CDATA[ */
/*! This file is auto-generated */
!function(d,l){"use strict";l.querySelector&&d.addEventListener&&"undefined"!=typeof URL&&(d.wp=d.wp||{},d.wp.receiveEmbedMessage||(d.wp.receiveEmbedMessage=function(e){var t=e.data;if((t||t.secret||t.message||t.value)&&!/[^a-zA-Z0-9]/.test(t.secret)){for(var s,r,n,a=l.querySelectorAll('iframe[data-secret="'+t.secret+'"]'),o=l.querySelectorAll('blockquote[data-secret="'+t.secret+'"]'),c=new RegExp("^https?:$","i"),i=0;i<o.length;i++)o[i].style.display="none";for(i=0;i<a.length;i++)s=a[i],e.source===s.contentWindow&&(s.removeAttribute("style"),"height"===t.message?(1e3<(r=parseInt(t.value,10))?r=1e3:~~r<200&&(r=200),s.height=r):"link"===t.message&&(r=new URL(s.getAttribute("src")),n=new URL(t.value),c.test(n.protocol))&&n.host===r.host&&l.activeElement===s&&(d.top.location.href=t.value))}},d.addEventListener("message",d.wp.receiveEmbedMessage,!1),l.addEventListener("DOMContentLoaded",function(){for(var e,t,s=l.querySelectorAll("iframe.wp-embedded-content"),r=0;r<s.length;r++)(t=(e=s[r]).getAttribute("data-secret"))||(t=Math.random().toString(36).substring(2,12),e.src+="#?secret="+t,e.setAttribute("data-secret",t)),e.contentWindow.postMessage({message:"ready",secret:t},"*")},!1)))}(window,document);
//# sourceURL=https://politicasocial.vinaros.es/wp-includes/js/wp-embed.min.js
/* ]]> */
</script>

El objetivo es fomentar un ocio saludable para la juventud como medida para evitar conductas y consumos no deseables. El 08 de octubre se celebrará el III JoveFest con el lema «Sin drogas también hay fiesta», con el objetivo de ofrecer desde el Ajuntament una oferta de entretenimiento de calidad para los jóvenes dentro de [&hellip;]
