{"id":1681,"date":"2023-03-13T13:23:14","date_gmt":"2023-03-13T12:23:14","guid":{"rendered":"https:\/\/politicasocial.vinaros.es\/servicios\/atencion-primaria-especifica\/servicio-de-infancia-y-adolescencia-eeiia-antes-seafi\/medidas-judiciales\/"},"modified":"2023-03-22T07:47:25","modified_gmt":"2023-03-22T06:47:25","slug":"medidas-judiciales","status":"publish","type":"page","link":"https:\/\/politicasocial.vinaros.es\/es\/servicios\/atencion-primaria-especifica\/servicio-de-infancia-y-adolescencia-eeiia-antes-seafi\/medidas-judiciales\/","title":{"rendered":"Medidas judiciales"},"content":{"rendered":"\n<h2 class=\"wp-block-heading\">\u00bfQu\u00e9 es?<\/h2>\n\n<p>Las medidas judiciales se encuadran dentro de la Ley 3\/2019, de 18 de febrero, de servicios sociales inclusivos de la Comunidad Valenciana. Es un servicio de atenci\u00f3n primaria de car\u00e1cter espec\u00edfico dentro del Servicio de infancia y adolescencia. <br\/>La medidas judiciales de medio abierto competen a la Entidad Local y est\u00e1n reguladas por la Ley Org\u00e1nica 5\/2000, de 12 de enero, reguladora de la responsabilidad penal de los menores.<\/p>\n\n<h2 class=\"wp-block-heading\">Servicios prestados<\/h2>\n\n<p>Ejecuci\u00f3n de las siguientes medidas judiciales:<\/p>\n\n<ul class=\"wp-block-list\">\n<li>Tratamiento ambulatorio<\/li>\n\n\n\n<li>Asistencia a un servicos de atenci\u00f3n diurna<\/li>\n\n\n\n<li>Libertad Vigilada<\/li>\n\n\n\n<li>Convivencia con otra persona, familia o grupo educativo<\/li>\n\n\n\n<li>Prestaciones en beneficio de la comunidad<\/li>\n\n\n\n<li>Realizaci\u00f3n de tareas socioeducativas.<\/li>\n<\/ul>\n\n<h2 class=\"wp-block-heading\">\u00bfQui\u00e9n puede acceder?<\/h2>\n\n<p>Ejecutan medidas judiciales de medio abierto aquellas personas en conflictos con la ley que tiene edad penal (mayores de 14 a\u00f1os y menores de 18 a\u00f1os).<br\/>Entendemos por personas menores de edad en conflicto con la Ley, aquellos que han cometido un hecho constitutivo de infracci\u00f3n penal y han sido juzgado y condenados por sentencia.<\/p>\n\n<h2 class=\"wp-block-heading\">\u00bfC\u00f3mo solicitarlo?<\/h2>\n\n<p>No hay solicitud. La medida judicial es derivada por la Entidad P\u00fablica una vez ha habido un juicio y una sentencia firme. <\/p>\n","protected":false},"excerpt":{"rendered":"<p>\u00bfQu\u00e9 es? Las medidas judiciales se encuadran dentro de la Ley 3\/2019, de 18 de febrero, de servicios sociales inclusivos de la Comunidad Valenciana. Es un servicio de atenci\u00f3n primaria de car\u00e1cter espec\u00edfico dentro del Servicio de infancia y adolescencia. La medidas judiciales de medio abierto competen a la Entidad Local y est\u00e1n reguladas por [&hellip;]<\/p>\n","protected":false},"author":1,"featured_media":0,"parent":513,"menu_order":1,"comment_status":"closed","ping_status":"closed","template":"","meta":{"_acf_changed":false,"inline_featured_image":false,"footnotes":""},"class_list":["post-1681","page","type-page","status-publish","hentry"],"acf":[],"yoast_head":"<!-- This site is optimized with the Yoast SEO plugin v27.0 - https:\/\/yoast.com\/product\/yoast-seo-wordpress\/ -->\n<title>Medidas judiciales - Pol\u00edtica Social - Ajuntament de Vinar\u00f2s<\/title>\n<meta name=\"robots\" content=\"index, follow, max-snippet:-1, max-image-preview:large, max-video-preview:-1\" \/>\n<link rel=\"canonical\" href=\"https:\/\/politicasocial.vinaros.es\/es\/servicios\/atencion-primaria-especifica\/servicio-de-infancia-y-adolescencia-eeiia-antes-seafi\/medidas-judiciales\/\" \/>\n<meta property=\"og:locale\" content=\"es_ES\" \/>\n<meta property=\"og:type\" content=\"article\" \/>\n<meta property=\"og:title\" content=\"Medidas judiciales - Pol\u00edtica Social - Ajuntament de Vinar\u00f2s\" \/>\n<meta property=\"og:description\" content=\"\u00bfQu\u00e9 es? Las medidas judiciales se encuadran dentro de la Ley 3\/2019, de 18 de febrero, de servicios sociales inclusivos de la Comunidad Valenciana. Es un servicio de atenci\u00f3n primaria de car\u00e1cter espec\u00edfico dentro del Servicio de infancia y adolescencia. La medidas judiciales de medio abierto competen a la Entidad Local y est\u00e1n reguladas por [&hellip;]\" \/>\n<meta property=\"og:url\" content=\"https:\/\/politicasocial.vinaros.es\/es\/servicios\/atencion-primaria-especifica\/servicio-de-infancia-y-adolescencia-eeiia-antes-seafi\/medidas-judiciales\/\" \/>\n<meta property=\"og:site_name\" content=\"Pol\u00edtica Social - Ajuntament de Vinar\u00f2s\" \/>\n<meta property=\"article:modified_time\" content=\"2023-03-22T06:47:25+00:00\" \/>\n<meta name=\"twitter:card\" content=\"summary_large_image\" \/>\n<meta name=\"twitter:label1\" content=\"Tiempo de lectura\" \/>\n\t<meta name=\"twitter:data1\" content=\"1 minuto\" \/>\n<script type=\"application\/ld+json\" class=\"yoast-schema-graph\">{\"@context\":\"https:\/\/schema.org\",\"@graph\":[{\"@type\":\"WebPage\",\"@id\":\"https:\/\/politicasocial.vinaros.es\/es\/servicios\/atencion-primaria-especifica\/servicio-de-infancia-y-adolescencia-eeiia-antes-seafi\/medidas-judiciales\/\",\"url\":\"https:\/\/politicasocial.vinaros.es\/es\/servicios\/atencion-primaria-especifica\/servicio-de-infancia-y-adolescencia-eeiia-antes-seafi\/medidas-judiciales\/\",\"name\":\"Medidas judiciales - Pol\u00edtica Social - Ajuntament de Vinar\u00f2s\",\"isPartOf\":{\"@id\":\"https:\/\/politicasocial.vinaros.es\/es\/#website\"},\"datePublished\":\"2023-03-13T12:23:14+00:00\",\"dateModified\":\"2023-03-22T06:47:25+00:00\",\"breadcrumb\":{\"@id\":\"https:\/\/politicasocial.vinaros.es\/es\/servicios\/atencion-primaria-especifica\/servicio-de-infancia-y-adolescencia-eeiia-antes-seafi\/medidas-judiciales\/#breadcrumb\"},\"inLanguage\":\"es\",\"potentialAction\":[{\"@type\":\"ReadAction\",\"target\":[\"https:\/\/politicasocial.vinaros.es\/es\/servicios\/atencion-primaria-especifica\/servicio-de-infancia-y-adolescencia-eeiia-antes-seafi\/medidas-judiciales\/\"]}]},{\"@type\":\"BreadcrumbList\",\"@id\":\"https:\/\/politicasocial.vinaros.es\/es\/servicios\/atencion-primaria-especifica\/servicio-de-infancia-y-adolescencia-eeiia-antes-seafi\/medidas-judiciales\/#breadcrumb\",\"itemListElement\":[{\"@type\":\"ListItem\",\"position\":1,\"name\":\"Inicio\",\"item\":\"https:\/\/politicasocial.vinaros.es\/es\/\"},{\"@type\":\"ListItem\",\"position\":2,\"name\":\"Servicios\",\"item\":\"https:\/\/politicasocial.vinaros.es\/es\/serveis\/\"},{\"@type\":\"ListItem\",\"position\":3,\"name\":\"Atenci\u00f3n primaria espec\u00edfica\",\"item\":\"https:\/\/politicasocial.vinaros.es\/es\/serveis\/atencio-primaria-especifica\/\"},{\"@type\":\"ListItem\",\"position\":4,\"name\":\"Servicio de infancia y adolescencia EEIIA\",\"item\":\"https:\/\/politicasocial.vinaros.es\/es\/servicios\/atencion-primaria-especifica\/servicio-de-infancia-y-adolescencia-eeiia-antes-seafi\/\"},{\"@type\":\"ListItem\",\"position\":5,\"name\":\"Medidas judiciales\"}]},{\"@type\":\"WebSite\",\"@id\":\"https:\/\/politicasocial.vinaros.es\/es\/#website\",\"url\":\"https:\/\/politicasocial.vinaros.es\/es\/\",\"name\":\"Pol\u00edtica Social - Ajuntament de Vinar\u00f2s\",\"description\":\"Regidoria de Pol\u00edtica Social\",\"potentialAction\":[{\"@type\":\"SearchAction\",\"target\":{\"@type\":\"EntryPoint\",\"urlTemplate\":\"https:\/\/politicasocial.vinaros.es\/es\/?s={search_term_string}\"},\"query-input\":{\"@type\":\"PropertyValueSpecification\",\"valueRequired\":true,\"valueName\":\"search_term_string\"}}],\"inLanguage\":\"es\"}]}<\/script>\n<!-- \/ Yoast SEO plugin. -->","yoast_head_json":{"title":"Medidas judiciales - Pol\u00edtica Social - Ajuntament de Vinar\u00f2s","robots":{"index":"index","follow":"follow","max-snippet":"max-snippet:-1","max-image-preview":"max-image-preview:large","max-video-preview":"max-video-preview:-1"},"canonical":"https:\/\/politicasocial.vinaros.es\/es\/servicios\/atencion-primaria-especifica\/servicio-de-infancia-y-adolescencia-eeiia-antes-seafi\/medidas-judiciales\/","og_locale":"es_ES","og_type":"article","og_title":"Medidas judiciales - Pol\u00edtica Social - Ajuntament de Vinar\u00f2s","og_description":"\u00bfQu\u00e9 es? Las medidas judiciales se encuadran dentro de la Ley 3\/2019, de 18 de febrero, de servicios sociales inclusivos de la Comunidad Valenciana. Es un servicio de atenci\u00f3n primaria de car\u00e1cter espec\u00edfico dentro del Servicio de infancia y adolescencia. La medidas judiciales de medio abierto competen a la Entidad Local y est\u00e1n reguladas por [&hellip;]","og_url":"https:\/\/politicasocial.vinaros.es\/es\/servicios\/atencion-primaria-especifica\/servicio-de-infancia-y-adolescencia-eeiia-antes-seafi\/medidas-judiciales\/","og_site_name":"Pol\u00edtica Social - Ajuntament de Vinar\u00f2s","article_modified_time":"2023-03-22T06:47:25+00:00","twitter_card":"summary_large_image","twitter_misc":{"Tiempo de lectura":"1 minuto"},"schema":{"@context":"https:\/\/schema.org","@graph":[{"@type":"WebPage","@id":"https:\/\/politicasocial.vinaros.es\/es\/servicios\/atencion-primaria-especifica\/servicio-de-infancia-y-adolescencia-eeiia-antes-seafi\/medidas-judiciales\/","url":"https:\/\/politicasocial.vinaros.es\/es\/servicios\/atencion-primaria-especifica\/servicio-de-infancia-y-adolescencia-eeiia-antes-seafi\/medidas-judiciales\/","name":"Medidas judiciales - Pol\u00edtica Social - Ajuntament de Vinar\u00f2s","isPartOf":{"@id":"https:\/\/politicasocial.vinaros.es\/es\/#website"},"datePublished":"2023-03-13T12:23:14+00:00","dateModified":"2023-03-22T06:47:25+00:00","breadcrumb":{"@id":"https:\/\/politicasocial.vinaros.es\/es\/servicios\/atencion-primaria-especifica\/servicio-de-infancia-y-adolescencia-eeiia-antes-seafi\/medidas-judiciales\/#breadcrumb"},"inLanguage":"es","potentialAction":[{"@type":"ReadAction","target":["https:\/\/politicasocial.vinaros.es\/es\/servicios\/atencion-primaria-especifica\/servicio-de-infancia-y-adolescencia-eeiia-antes-seafi\/medidas-judiciales\/"]}]},{"@type":"BreadcrumbList","@id":"https:\/\/politicasocial.vinaros.es\/es\/servicios\/atencion-primaria-especifica\/servicio-de-infancia-y-adolescencia-eeiia-antes-seafi\/medidas-judiciales\/#breadcrumb","itemListElement":[{"@type":"ListItem","position":1,"name":"Inicio","item":"https:\/\/politicasocial.vinaros.es\/es\/"},{"@type":"ListItem","position":2,"name":"Servicios","item":"https:\/\/politicasocial.vinaros.es\/es\/serveis\/"},{"@type":"ListItem","position":3,"name":"Atenci\u00f3n primaria espec\u00edfica","item":"https:\/\/politicasocial.vinaros.es\/es\/serveis\/atencio-primaria-especifica\/"},{"@type":"ListItem","position":4,"name":"Servicio de infancia y adolescencia EEIIA","item":"https:\/\/politicasocial.vinaros.es\/es\/servicios\/atencion-primaria-especifica\/servicio-de-infancia-y-adolescencia-eeiia-antes-seafi\/"},{"@type":"ListItem","position":5,"name":"Medidas judiciales"}]},{"@type":"WebSite","@id":"https:\/\/politicasocial.vinaros.es\/es\/#website","url":"https:\/\/politicasocial.vinaros.es\/es\/","name":"Pol\u00edtica Social - Ajuntament de Vinar\u00f2s","description":"Regidoria de Pol\u00edtica Social","potentialAction":[{"@type":"SearchAction","target":{"@type":"EntryPoint","urlTemplate":"https:\/\/politicasocial.vinaros.es\/es\/?s={search_term_string}"},"query-input":{"@type":"PropertyValueSpecification","valueRequired":true,"valueName":"search_term_string"}}],"inLanguage":"es"}]}},"_links":{"self":[{"href":"https:\/\/politicasocial.vinaros.es\/es\/wp-json\/wp\/v2\/pages\/1681","targetHints":{"allow":["GET"]}}],"collection":[{"href":"https:\/\/politicasocial.vinaros.es\/es\/wp-json\/wp\/v2\/pages"}],"about":[{"href":"https:\/\/politicasocial.vinaros.es\/es\/wp-json\/wp\/v2\/types\/page"}],"author":[{"embeddable":true,"href":"https:\/\/politicasocial.vinaros.es\/es\/wp-json\/wp\/v2\/users\/1"}],"replies":[{"embeddable":true,"href":"https:\/\/politicasocial.vinaros.es\/es\/wp-json\/wp\/v2\/comments?post=1681"}],"version-history":[{"count":3,"href":"https:\/\/politicasocial.vinaros.es\/es\/wp-json\/wp\/v2\/pages\/1681\/revisions"}],"predecessor-version":[{"id":1844,"href":"https:\/\/politicasocial.vinaros.es\/es\/wp-json\/wp\/v2\/pages\/1681\/revisions\/1844"}],"up":[{"embeddable":true,"href":"https:\/\/politicasocial.vinaros.es\/es\/wp-json\/wp\/v2\/pages\/513"}],"wp:attachment":[{"href":"https:\/\/politicasocial.vinaros.es\/es\/wp-json\/wp\/v2\/media?parent=1681"}],"curies":[{"name":"wp","href":"https:\/\/api.w.org\/{rel}","templated":true}]}}

<h2 class="wp-block-heading">¿Qué es?</h2>

<p>Las medidas judiciales se encuadran dentro de la Ley 3/2019, de 18 de febrero, de servicios sociales inclusivos de la Comunidad Valenciana. Es un servicio de atención primaria de carácter específico dentro del Servicio de infancia y adolescencia. <br/>La medidas judiciales de medio abierto competen a la Entidad Local y están reguladas por la Ley Orgánica 5/2000, de 12 de enero, reguladora de la responsabilidad penal de los menores.</p>

<h2 class="wp-block-heading">Servicios prestados</h2>

<p>Ejecución de las siguientes medidas judiciales:</p>

<ul class="wp-block-list">
<li>Tratamiento ambulatorio</li>



<li>Asistencia a un servicos de atención diurna</li>



<li>Libertad Vigilada</li>



<li>Convivencia con otra persona, familia o grupo educativo</li>



<li>Prestaciones en beneficio de la comunidad</li>



<li>Realización de tareas socioeducativas.</li>
</ul>

<h2 class="wp-block-heading">¿Quién puede acceder?</h2>

<p>Ejecutan medidas judiciales de medio abierto aquellas personas en conflictos con la ley que tiene edad penal (mayores de 14 años y menores de 18 años).<br/>Entendemos por personas menores de edad en conflicto con la Ley, aquellos que han cometido un hecho constitutivo de infracción penal y han sido juzgado y condenados por sentencia.</p>

<h2 class="wp-block-heading">¿Cómo solicitarlo?</h2>

<p>No hay solicitud. La medida judicial es derivada por la Entidad Pública una vez ha habido un juicio y una sentencia firme. </p>

<p>¿Qué es? Las medidas judiciales se encuadran dentro de la Ley 3/2019, de 18 de febrero, de servicios sociales inclusivos de la Comunidad Valenciana. Es un servicio de atención primaria de carácter específico dentro del Servicio de infancia y adolescencia. La medidas judiciales de medio abierto competen a la Entidad Local y están reguladas por [&hellip;]</p>

<!-- This site is optimized with the Yoast SEO plugin v27.0 - https://yoast.com/product/yoast-seo-wordpress/ -->
<title>Medidas judiciales - Política Social - Ajuntament de Vinaròs</title>
<meta name="robots" content="index, follow, max-snippet:-1, max-image-preview:large, max-video-preview:-1" />
<link rel="canonical" href="https://politicasocial.vinaros.es/es/servicios/atencion-primaria-especifica/servicio-de-infancia-y-adolescencia-eeiia-antes-seafi/medidas-judiciales/" />
<meta property="og:locale" content="es_ES" />
<meta property="og:type" content="article" />
<meta property="og:title" content="Medidas judiciales - Política Social - Ajuntament de Vinaròs" />
<meta property="og:description" content="¿Qué es? Las medidas judiciales se encuadran dentro de la Ley 3/2019, de 18 de febrero, de servicios sociales inclusivos de la Comunidad Valenciana. Es un servicio de atención primaria de carácter específico dentro del Servicio de infancia y adolescencia. La medidas judiciales de medio abierto competen a la Entidad Local y están reguladas por [&hellip;]" />
<meta property="og:url" content="https://politicasocial.vinaros.es/es/servicios/atencion-primaria-especifica/servicio-de-infancia-y-adolescencia-eeiia-antes-seafi/medidas-judiciales/" />
<meta property="og:site_name" content="Política Social - Ajuntament de Vinaròs" />
<meta property="article:modified_time" content="2023-03-22T06:47:25+00:00" />
<meta name="twitter:card" content="summary_large_image" />
<meta name="twitter:label1" content="Tiempo de lectura" />
	<meta name="twitter:data1" content="1 minuto" />
<script type="application/ld+json" class="yoast-schema-graph">{"@context":"https://schema.org","@graph":[{"@type":"WebPage","@id":"https://politicasocial.vinaros.es/es/servicios/atencion-primaria-especifica/servicio-de-infancia-y-adolescencia-eeiia-antes-seafi/medidas-judiciales/","url":"https://politicasocial.vinaros.es/es/servicios/atencion-primaria-especifica/servicio-de-infancia-y-adolescencia-eeiia-antes-seafi/medidas-judiciales/","name":"Medidas judiciales - Política Social - Ajuntament de Vinaròs","isPartOf":{"@id":"https://politicasocial.vinaros.es/es/#website"},"datePublished":"2023-03-13T12:23:14+00:00","dateModified":"2023-03-22T06:47:25+00:00","breadcrumb":{"@id":"https://politicasocial.vinaros.es/es/servicios/atencion-primaria-especifica/servicio-de-infancia-y-adolescencia-eeiia-antes-seafi/medidas-judiciales/#breadcrumb"},"inLanguage":"es","potentialAction":[{"@type":"ReadAction","target":["https://politicasocial.vinaros.es/es/servicios/atencion-primaria-especifica/servicio-de-infancia-y-adolescencia-eeiia-antes-seafi/medidas-judiciales/"]}]},{"@type":"BreadcrumbList","@id":"https://politicasocial.vinaros.es/es/servicios/atencion-primaria-especifica/servicio-de-infancia-y-adolescencia-eeiia-antes-seafi/medidas-judiciales/#breadcrumb","itemListElement":[{"@type":"ListItem","position":1,"name":"Inicio","item":"https://politicasocial.vinaros.es/es/"},{"@type":"ListItem","position":2,"name":"Servicios","item":"https://politicasocial.vinaros.es/es/serveis/"},{"@type":"ListItem","position":3,"name":"Atención primaria específica","item":"https://politicasocial.vinaros.es/es/serveis/atencio-primaria-especifica/"},{"@type":"ListItem","position":4,"name":"Servicio de infancia y adolescencia EEIIA","item":"https://politicasocial.vinaros.es/es/servicios/atencion-primaria-especifica/servicio-de-infancia-y-adolescencia-eeiia-antes-seafi/"},{"@type":"ListItem","position":5,"name":"Medidas judiciales"}]},{"@type":"WebSite","@id":"https://politicasocial.vinaros.es/es/#website","url":"https://politicasocial.vinaros.es/es/","name":"Política Social - Ajuntament de Vinaròs","description":"Regidoria de Política Social","potentialAction":[{"@type":"SearchAction","target":{"@type":"EntryPoint","urlTemplate":"https://politicasocial.vinaros.es/es/?s={search_term_string}"},"query-input":{"@type":"PropertyValueSpecification","valueRequired":true,"valueName":"search_term_string"}}],"inLanguage":"es"}]}</script>
<!-- / Yoast SEO plugin. -->

Medidas judiciales - Política Social - Ajuntament de Vinaròs

¿Qué es? Las medidas judiciales se encuadran dentro de la Ley 3/2019, de 18 de febrero, de servicios sociales inclusivos de la Comunidad Valenciana. Es un servicio de atención primaria de carácter específico dentro del Servicio de infancia y adolescencia. La medidas judiciales de medio abierto competen a la Entidad Local y están reguladas por [&hellip;]

Política Social - Ajuntament de Vinaròs

Atención primaria específica

Regidoria de Política Social
